) = -q**2 + 6*q + 12. Let c be d(7). Suppose -c*f = -0*f. Let a(n) be the third derivative of n**6/120 - n**4/24 - n**2. Determine a(f).
0
Suppose 3*b = 5*a + 26, 3*b + 8 = 2*a + 13. Let o(u) = -2*u**2 - 16*u - 17. Determine o(a).
-3
Let x(f) = -f**3 + 48. Let a be -10 + 5 + (9 - 4). Determine x(a).
48
Let n(b) = -b - 5. Let l(a) be the third derivative of -2/3*a**3 + 0*a - 3*a**2 + 0 + 5/24*a**4 - 1/60*a**5. Let x be l(5). What is n(x)?
-1
Let k(t) = -t**2 - 2 - 3 - 1 + 1 + t**3 - 2*t + 0. Determine k(4).
35
Let f(a) = 20*a + 27. Let j be f(-2). Let u(i) = i + 20. Determine u(j).
7
Suppose 32 = -12*q - 28. Let z(x) = -x**2 - 3*x + 2. Determine z(q).
-8
Let p = -3 - 0. Suppose 0*c = 2*c - 4. Let w be (13 - (p - -2))/c. Let f(u) = -u + 3. Calculate f(w).
-4
Let p = 1870 + -1874. Let t(x) be the second derivative of -x**4/12 - x**3/3 + 3*x**2/2 + x. What is t(p)?
-5
Let q(m) = m + 8. Let d(l) = 3*l + 2. Let j(f) = -7*f - 5. Let y(b) = -5*d(b) - 2*j(b). Let g(x) = -q(x) - 2*y(x). What is g(9)?
1
Let m(r) be the third derivative of -5/24*r**4 + 1/120*r**6 - 2*r**2 + 0 - 5/3*r**3 + 0*r - 1/10*r**5. Calculate m(7).
4
Let m be (-7)/(-49)*21 + (-3 - 6). Let o(v) = -2*v**3 - 11*v**2 + 6*v - 8. What is o(m)?
-8
Let o be (-4)/((-4)/(-5)) - -1. Let r(g) = -g - 1. Determine r(o).
3
Let w(a) = -a**2 - 13*a - 1. Suppose 0 = -v + 656 - 665. What is w(v)?
35
Suppose 3*u + 2*u + 155 = 0. Let g = u - -34. Let f(h) = h + 2. What is f(g)?
5
Let w(u) be the first derivative of u**2/2 + 7*u - 1. Let q be w(-5). Let m(y) = -1 - 2 - 2 + 5*y + y**q + 1. What is m(-3)?
-10
Let g(y) = y - 2. Let b be (9/4)/((-6)/16). Let l be b/39 + 6/(156/134). Give g(l).
3
Let v(j) = j**3 - 11*j**2 - 12*j + 5. Let o be v(12). Suppose 5*k - 6 = 5*p + 9, -o*k = 2*p - 29. Let n(y) = -y**2 + 4 + 6*y - 3*y + 3*y. Give n(k).
9
Let h(a) = -a**2 + 4714 + 4717 - 2*a - 9429. Let k(g) = g - 1. Let y be k(-3). Give h(y).
-6
Let l(u) = 10 - 32 - 10*u - u**3 + 3*u + 15172*u**2 - 15161*u**2. Calculate l(10).
8
Let k = 20 - 22. Let w(a) be the first derivative of 2 + 2*a**2 + 2*a + 2/3*a**3. Calculate w(k).
2
Suppose 3*p - 31 = 11. Let q = -19 + p. Let f(y) = -y**2 - 5*y + 6. What is f(q)?
6
Let i(x) = 3*x + 2. Let h(g) = -1. Suppose 3*p - 4 = 5. Let r(c) = p*h(c) + i(c). Suppose -k + 5*w = k + 9, w - 7 = 3*k. Determine r(k).
-7
Let g(s) = -s**2 + s + 1. Let x(o) = 4*o**2 - 4*o - 5. Let v(h) = -15*g(h) - 3*x(h). What is v(3)?
18
Let s(p) be the third derivative of -p**6/360 + p**5/40 + p**4/24 - 2*p**3/3 - p**2. Let b(i) be the first derivative of s(i). Let h be 10*1/(5/2). Give b(h).
-3
Let w(z) = z**2 - 2*z - 4. Let l(k) = 3*k**2 - 5*k - 7. Let f(y) = 2*l(y) - 5*w(y). Let g(u) be the first derivative of f(u). Determine g(3).
6
Let h(g) = 3*g + 6. Let c(j) = -8*j - 17. Let q(n) = 4*c(n) + 11*h(n). Let w(o) = o**3 + 14*o**2 + 12*o - 9. Let d be w(-13). Calculate q(d).
2
Let o(z) = z + 1. Let r be (-3 - 0) + 6 - 1. Suppose -2*x = -r*w + 9 - 31, 2*x - 15 = w. Let f(l) = l + 1. Let m be f(w). What is o(m)?
-5
Suppose 4*m = 2*l - 2, -4*l - 45*m + 41*m = 20. Let a(s) = 5*s - 6. Calculate a(l).
-21
Suppose -3*w - 4 = 4*o - 21, o - 2*w = -4. Suppose 9*m + o*h = 4*m + 6, -8 = 4*h. Let b(g) = 3*g**3 - 4*g**2 + 2*g + 1. Determine b(m).
13
Let t(i) = 13*i**2 + 11 - 4 - 8*i - 14*i**2. What is t(-9)?
-2
Let b(k) = -k**3 - 3*k**2 + 3*k - 2. Let r be b(-4). Let s(j) = 2*j**3 - 4 - 2*j - 5*j**3 - 4*j**r + 4*j**3 - 2*j**3. Let a be (-4)/36 - 35/9. Calculate s(a).
4
Let q(w) = -16*w**3 - 3*w**2 + 7*w - 11. Let f(n) = 9*n**3 + 2*n**2 - 4*n + 6. Let u(h) = 7*f(h) + 4*q(h). What is u(2)?
-2
Let o(k) = -6144 + 6159 + 10*k - 7*k. Calculate o(-7).
-6
Let i(m) = m + 2. Suppose -5*n = 3*z + 1 - 10, 15 = 5*z. Suppose n = -5*h - 3*s + 25, -4*h - s + 20 = -3*s. Calculate i(h).
7
Let i = 1 - -1. Let u(k) = -5*k + i*k + 2*k - 2 + 1. What is u(4)?
-5
Let d(x) = x**2 + x**3 - 9*x**2 - 3*x**2 + 12*x + 32*x**2 - 8*x**2. What is d(-12)?
0
Suppose -5*a = b + 30, -4*a + b - 43 = -2*b. Let k(h) = -3*h**2 - 5*h + 10. Let g(i) = 10*i**2 + 15*i - 30. Let d(n) = 2*g(n) + 7*k(n). Calculate d(a).
-4
Suppose 7 = 8*y - y. Let m(w) = 13*w + 1. Calculate m(y).
14
Let m(w) = -6*w**2 - 6*w - 11. Let x(a) = 7*a**2 + 7*a + 13. Let o(l) = -6*m(l) - 5*x(l). Suppose -4*s = -2*s. What is o(s)?
1
Let k be (1/2)/(2/(-4)). Let a(x) = 10*x + 16. Let n be a(-2). Let v be (2 + k - -3) + n. Let j(p) = -p**3 + p**2 + p - 9. Calculate j(v).
-9
Let q(j) = -j**3 - 8*j**2 - 9*j - 14. Suppose -5*l - 5*s - 55 = 0, -l + 3*s - 1 = -6. Let f be q(l). Let v(z) = -z + 5. Determine v(f).
5
Let q(u) be the first derivative of 3*u**2 + 9*u - 38. What is q(-5)?
-21
Let w(u) = 3*u**2 + 4*u + 5. Let i(r) = -4*r**2 - 8*r - 9. Let c(h) = h + 1. Let p(k) = 3*c(k) + i(k). Let y(t) = 4*p(t) + 5*w(t). Determine y(1).
0
Let l be (2 - 2/2)*0. Let g(f) be the first derivative of f**2/2 - 2*f - 24. Give g(l).
-2
Let x(z) = -z**2 - 2 + z + 0*z**2 + 3. Suppose 4*b - 3*t = 3, 29 = 5*t + 54. What is x(b)?
-11
Let t(s) = 2*s**3 - 5*s**2 + 6*s + 9. Let h(j) = -3*j**3 + 7*j**2 - 9*j - 14. Let x(q) = 5*h(q) + 8*t(q). Calculate x(5).
17
Let a(r) = -2*r - 17 + 2 + 2*r**2 + 1 + 12. Let w(i) = i + 2. Let s be w(0). What is a(s)?
2
Let j(r) = -17*r - 6. Let f be j(0). Let v(a) = 2*a - 3. Give v(f).
-15
Let j(a) = -a**3 + 92*a - 173*a + 85*a + 3*a**2 + 5 + 0. What is j(4)?
5
Let n(l) be the second derivative of l**3 + 18*l + 0 - 1/12*l**4 + 1/2*l**2. What is n(6)?
1
Suppose 115 = 7*d - 2*d. Let q(j) = -18 + j**2 + d + j - 1. Determine q(3).
16
Let j(g) be the second derivative of g**4/24 - 2*g**3/3 + 3*g**2/2 + 3*g. Let u(h) be the first derivative of j(h). Let s be 504/140 + 3/(-5). Determine u(s).
-1
Let h(q) = 2*q - 129. Let t(p) = p - 68. Let w(b) = -6*h(b) + 11*t(b). What is w(26)?
0
Let x be (6/(-4))/((-2)/4). Let r(v) = v + 1 + x*v - 3*v. Suppose g + 4*l - 11 = 0, 7*g - 2*g - 13 = l. Calculate r(g).
4
Let p(f) = f**3 + 9*f**2 + 4*f - 24. Let j be p(-8). Let d(r) = r**3 - 7*r**2 - 9*r - 5. What is d(j)?
-13
Let z(q) be the first derivative of q**2/2 - 3*q + 3. Let a be (1 - 1)/(1 - (4 + -6)). Determine z(a).
-3
Let z(k) = k**3 + 1. Let v(q) = -3*q + 0 - 4 - 7. Let d be v(-6). Suppose d*r = r. Calculate z(r).
1
Let s(r) = -5 + 6 + 8 - 7 + 10*r. Determine s(-3).
-28
Let k(s) = -s**3 + 6*s**2 + 2*s + 1. Let v be k(6). Let b be (2/2)/(2/(-36)). Let u = b + v. Let p(x) = -x**2 - 5*x - 4. Give p(u).
-4
Let h = -89 + 94. Suppose -i - 12 = h*z, -2*i + 0*i = -5*z - 21. Let b(q) = 4*q. Calculate b(z).
-12
Let v(w) = 22*w**3 + 94*w - 93*w - 23*w**3 + 15*w**2 - 13. What is v(15)?
2
Let t be (56/70)/(2/25). Suppose 2*h - 21 = 3*s - t, 4*h + s - 1 = 0. Let o(f) = -8*f. Give o(h).
-8
Let k(a) = a**2 + 10*a + 12. Let j(v) = 2*v**2 + 19*v - 29. Let w be j(-11). Suppose 41 = -w*q - b, -2*q + 3*b - 3 = -0*q. What is k(q)?
3
Let b(v) = -v**3 + 14*v**2 - 24*v - 7. Let j be b(12). Let o(p) = 3*p + 15. Calculate o(j).
-6
Let y(w) = -10*w - 6 + 253*w**2 - 504*w**2 + 250*w**2. Determine y(-10).
-6
Let g = -452 - -451. Let u(j) = -15*j**2 - j - 1. Calculate u(g).
-15
Let s(q) = -6*q**2 + 45*q - 17. Let m be s(7). Let d(x) = 6*x - 5. Determine d(m).
19
Suppose b + 305 = 5*u, 111 = 4*u + 3*b - 133. Let j(h) = -h + 4*h**2 + 126 - u - 67 + h**3. Determine j(-4).
2
Let q(o) = o**2 + 5*o + 5. Let v be q(-2). Let r(c) = 14*c**2 - 49*c - 16. Let n(u) = 3*u**2 - 9*u - 3. Let l(p) = 11*n(p) - 2*r(p). Give l(v).
5
Let j(q) = -q - 16. Suppose -5456 + 5512 = -7*k. Give j(k).
-8
Let c(d) = -2*d**2 - 1. Let s be 1 + -4 + 7 + 2. Suppose -8 = 7*k + s. Determine c(k).
-9
Let p(v) = 4*v + 39. Let k be p(-10). Let o(y) = 1 - 2 - y**2 + 0 - y + 10*y**2. Determine o(k).
9
Let c be (10/(-12))/(18/(-108)). Let v(y) = 2*y**2 - 7*y + 2. Give v(c).
17
Let u(y) = 5*y - 10. Suppose -5 = h + 2*r, -4*h + 4*r - 3*r = -16. Let k be u(h). Let m(p) = p + 1. Calculate m(k).
6
Suppose -39*z = -41*z + 84. Let o = z + -42. Let t(i) = -i - 22. What is t(o)?
-22
Let s(m) = -19*m - 13. Let u(o) = 9*o + 5. Let y(v) = 6*s(v) + 13*u(v). Calculate y(5).
2
Let x(c) = 8*c**3 - c - 1. Suppose -12 = 4*t - 8, -w + 4*t + 3 = 0. Determine x(w).
-8
Let h(d) = -10*d**2 - 9*d + 19. Let k(r) = -27*r**2 - 27*r + 58. Let q(g) = 8*h(g) - 3*k(g). Determine q(-10).
-12
Let m(u) = 